*2 + 3*v - 5. Let a(c) = 5*g(c) - 4*s(c). What is the remainder when x is divided by a(6)?
10
Calculate the remainder when (2 - (-6)/3) + 1 + 66 is divided by 39.
32
Suppose w - l + 11 = 2*w, 2*w - 42 = 2*l. Let n = w - 11. What is the remainder when 11 is divided by n?
1
Let w = 33 - 0. Suppose -w = -4*c + 43. Suppose 0 = 5*f - 3 - 2, -5*d + 47 = -3*f. Calculate the remainder when c is divided by d.
9
Let h = -50 + 129. What is the remainder when h is divided by 14?
9
Suppose -9*t + 180 = -15*t. Calculate the remainder when 604/24 - (-5)/t is divided by 9.
7
Let n(z) = 3*z**2 - z + 3. Let w be 8/(-10) - (-156)/(-30). Calculate the remainder when n(w) is divided by 30.
27
Let o(u) = 5*u**3 - 3. Let z(k) = 14*k**3 - 8. Let t(m) = -11*o(m) + 4*z(m). What is the remainder when 83 is divided by t(3)?
27
Let a = 195 - 192. Calculate the remainder when 69 is divided by a.
0
Let w(i) = i**3 + 73. Let p be w(0). Suppose 16*h + 14 = 94. Suppose -4*u + p = -h*g - 25, -2*u = 3*g - 38. What is the remainder when u is divided by 6?
4
Let z(d) = d**3 + 4*d**2 - d - 2. Suppose -b = 4*x - 53, 0 = x - b - b - 2. What is the remainder when z(3) is divided by x?
10
Suppose -v + 3*x - 2 = -13, 3*x = -2*v - 14. What is the remainder when 4/(v/4*(-8)/10) is divided by 7?
6
Let w be 4/12 + (-3 - (-33)/9). Calculate the remainder when 7 is divided by (10*w)/(4 + -3) + -3.
0
Suppose -2*a - 5*z = -168, -337 = -4*a - 3*z + 27. What is the remainder when a is divided by 24?
22
Let t = 151 + -50. Let v = t + -95. Let u = 17 + -8. Calculate the remainder when u is divided by v.
3
Suppose 3*s - 1 = 8, s - 17 = -2*f. Suppose -13 = -f*q + 78. Calculate the remainder when 1/((-96)/98 - -1) is divided by q.
10
Suppose -4*z = 5*n - 7*n + 18, 3*n = -4*z + 7. Suppose -v + 2*v = -5, n*x = -3*v + 450. What is the remainder when x is divided by 19?
17
Let d(w) = -w**3 - 10*w**2 + 5. Let s be d(-10). Suppose -t + 5*t = s*j + 80, -141 = -5*t - 4*j. What is the remainder when t is divided by (1/3)/((-1)/(-21))?
4
Let o be 8/6*9/6. Suppose -o*r + 337 = -17. Calculate the remainder when r is divided by 45.
42
Let n(s) = -19*s - 3. Let g be n(-4). Suppose 4*t + 0*o = -3*o + 139, 2*t + 5*o = g. Calculate the remainder when t is divided by 9.
7
What is the remainder when 16 is divided by (-112)/(-18) - (-4 - (-38)/9)?
4
Let b = -50 + 106. Let i = -28 + b. Calculate the remainder when i is divided by 10.
8
Let n(x) = -x**2 - 1. Suppose a = -2*y - 6, 7 = -3*y - 0*a - a. Let z be n(y). What is the remainder when 2 is divided by (-4 - -3)/(1/z)?
0
Let y = 12 + -10. Let o be -1 - 1 - y*-7. Suppose 3*m = -u + 79, 4*m + 5*u - o = 75. Calculate the remainder when m is divided by 10.
8
Suppose 8*l + 3*l - 198 = 0. What is the remainder when 88 is divided by l?
16
Let c = 33 + -21. Suppose -h - 4*t = t - c, 8 = 4*t. Calculate the remainder when 3 + (-3)/(0 - 3) is divided by h.
0
Suppose 3*y = -2*n + 531, 5*y = 4*n + y - 1012. Calculate the remainder when n is divided by 86.
0
What is the remainder when 3284/20 + 3/(-15) is divided by 28?
24
Suppose -q - 4*l = -129, -5*q + 3*l - 292 + 845 = 0. What is the remainder when q is divided by 33?
14
Let s be (-127)/5 - (-10)/25. Let y = s + 15. Let t(r) = -6*r - 12. Calculate the remainder when t(y) is divided by 13.
9
Let c = 264 + -155. Suppose -5*y + c = -51. What is the remainder when 35 is divided by -6*12/y*-4?
8
Let h = 4 - -18. What is the remainder when h is divided by 3?
1
Calculate the remainder when (-2289)/(-42) + -1 + (-21)/(-6) is divided by 27.
3
Let h = -4 - -4. Suppose 0 = u + 4*v - 10, h*v - 12 = 4*v. What is the remainder when u is divided by 8?
6
Let c(j) = -j**2 + 5*j - 1. Let h be c(4). Let n = 7 + h. Calculate the remainder when 26 is divided by n.
6
Let i(h) = h**2 - 9*h + 6. Let m(u) = u**2 - 8*u + 5. Let a(o) = 3*i(o) - 4*m(o). Let j be a(4). What is the remainder when 41 is divided by 11 + (-6)/((-4)/j)?
13
Let p = 99 + 24. Suppose -y = -f + 10, 4*f + y - 68 = -2*y. Calculate the remainder when p is divided by f.
11
Suppose 2*o - 5*i = -0*o - 4, -i + 11 = 3*o. Let h = 142 - 157. What is the remainder when h/(-10)*88/o is divided by 12?
8
Let m = -57 - -64. Suppose 2*v - 200 = 2*p - m*p, 0 = -4*v - 20. Let i(x) = -3*x. Calculate the remainder when p is divided by i(-5).
12
Let n(v) = -124*v**3 - 2*v**2 - 2*v + 1. Let j be n(-1). Let p = -77 + j. Calculate the remainder when 190 is divided by p.
46
Suppose -4*j + 33 = -5*o, 3*o + 5 = -8*j + 3*j. Calculate the remainder when (135/(-6))/(((-5)/j)/5) is divided by 2/(-1 + 7/6).
9
Suppose t = 3*y - 116, 0 = -5*y - 5*t + 202 - 22. What is the remainder when (-1660)/(-15) + 3/9 is divided by y?
35
Let z = -7 + 12. Suppose 3*s = 4*q + 20, 3*s - 4*q + 3*q - 5 = 0. Suppose -d = z*p - 45 + 15, s = d - p - 6. What is the remainder when d is divided by 4?
2
Suppose -3*g + 0*g = 3*q - 18, 4*q - g - 19 = 0. Suppose 120 = 6*i + 6. What is the remainder when i is divided by q?
4
Suppose 3*k = -4*m - 4, -3 = 2*k + 3*m + 1. Let l be 10/3 - 2/6. Suppose -12 = -l*f + 3*r, -12 = -0*f - f + 5*r. What is the remainder when k is divided by f?
0
Let d(w) = w**3 - 16*w**2 + 19*w - 34. What is the remainder when 28 is divided by d(15)?
2
Let f(h) = 5*h + 17 - 2 - 4*h + 5. What is the remainder when f(-5) is divided by 9?
6
Suppose 0*u + 3*u = 93. Let o = u + -9. What is the remainder when o is divided by 5?
2
Let u(c) be the second derivative of -c**4/3 + 9*c**3/2 - 4*c**2 + 22*c. What is the remainder when 29 is divided by u(6)?
9
Let g = 146 + -115. Suppose 12*q - 295 + g = 0. Calculate the remainder when 42 is divided by q.
20
Suppose -5*m - 127 - 48 = 0. Let k = m + 65. Suppose o = 23 - 7. What is the remainder when k is divided by o?
14
Let t(k) = -31*k**3 - 11*k**2 - 21*k - 1. Calculate the remainder when t(-2) is divided by 52.
37
Let d(t) = -t**3 - t + 9. Let v be (3 + 2)*-1 + 5. Calculate the remainder when 52 is divided by d(v).
7
Suppose -2*w - 52 = 104. Let h = -15 - w. What is the remainder when h is divided by 22?
19
Let k be (-12)/(-9) + (-4)/(-6). Suppose -k + 4 = v. Suppose 105 = v*z + z. What is the remainder when z is divided by 9?
8
What is the remainder when 626 is divided by (1/(-3))/((-10)/(1097 - -13))?
34
Let h be (2 - (-10)/(-6))*0. Suppose h*f + 3*f - 3 = 0. Calculate the remainder when 50 is divided by (-34)/(-4)*(f + 1).
16
Let b = 0 - -16. Let f(j) = 305*j - 1787. What is the remainder when f(6) is divided by b?
11
Let c = 60 - 48. Suppose -3*b + 44 = -b. What is the remainder when b is divided by c?
10
Let z be (44/(-8) + -3)*-2. Let l = 22 - z. Calculate the remainder when 18 is divided by l.
3
Let l(s) = s**3 - 14*s**2 + 18*s - 17. Suppose 4*q - 58 = 2*g, -q = -2*g - 0*g - 19. Calculate the remainder when l(q) is divided by 10.
8
Let j be 8/(-16)*(2 + -16). Suppose -j*f + 248 = -137. Calculate the remainder when f is divided by 12.
7
Let w(k) = -k**3 - 17*k**2 - 60*k + 6. Calculate the remainder when w(-13) is divided by 29.
23
Let f(t) = -t**3 + 8*t**2 - 6*t - 7. Let q be f(7). Suppose 85 = -q*i + 5*i. Calculate the remainder when 50 is divided by i.
16
Let z = -72 - -132. Suppose -g + o = 3*g - 125, -2*g = 2*o - z. What is the remainder when 152 is divided by g?
28
Suppose -7*k + 24*k = 2244. What is the remainder when k is divided by 14?
6
Let v(m) = -m**2 - 18*m - 2. Calculate the remainder when 242 is divided by v(-8).
8
Let h(p) = p**3 + 11*p**2 + 8*p - 17. Let r be h(-10). Let t(d) = d**3 + d**2 - d + 1. What is the remainder when (-38)/r*(-63)/6 is divided by t(3)?
31
Calculate the remainder when 89 is divided by ((-176)/(-66))/((-1)/(-6)).
9
Let l(z) = -z**2 + 21*z + 119. What is the remainder when l(25) is divided by 10?
9
Let g = -18 + 32. Suppose -5*o - 15 = -0*o, 5*o - 4032 = z. Calculate the remainder when z/(-76) + (-11)/(-4) + -2 is divided by g.
12
Let o(m) = m**3 - m**2 - 2*m + 2. Let n be o(1). Suppose n*k = -5*k + 75. Calculate the remainder when 72 is divided by k.
12
Let m = 149 - 120. Calculate the remainder when 97 is divided by m.
10
Suppose 0 = 2*i + 3*i - 860. Suppose i = 4*v - 4*d, -4*v + 6 + 162 = -3*d. What is the remainder when 154 is divided by v?
37
Calculate the remainder when (14868/(-8))/9*8/(-14) is divided by 90.
28
Let d(r) = -3 + 8*